 the remainder when 1449 is divided by 182?
175
Calculate the remainder when 106 is divided by 29.
19
What is the remainder when 64 is divided by 13?
12
Calculate the remainder when 11190 is divided by 41.
38
What is the remainder when 962 is divided by 46?
42
What is the remainder when 1039 is divided by 258?
7
Calculate the remainder when 331 is divided by 64.
11
What is the remainder when 176 is divided by 88?
0
Calculate the remainder when 16 is divided by 6.
4
Calculate the remainder when 360 is divided by 2.
0
Calculate the remainder when 142 is divided by 47.
1
What is the remainder when 79 is divided by 45?
34
Calculate the remainder when 9822 is divided by 15.
12
Calculate the remainder when 110 is divided by 58.
52
What is the remainder when 1566 is divided by 400?
366
Calculate the remainder when 107 is divided by 11.
8
Calculate the remainder when 289 is divided by 75.
64
Calculate the remainder when 231 is divided by 39.
36
What is the remainder when 4685 is divided by 13?
5
What is the remainder when 656 is divided by 66?
62
What is the remainder when 105 is divided by 17?
3
Calculate the remainder when 56 is divided by 49.
7
What is the remainder when 182 is divided by 7?
0
What is the remainder when 100 is divided by 99?
1
What is the remainder when 397 is divided by 19?
17
What is the remainder when 2747 is divided by 16?
11
What is the remainder when 4959 is divided by 41?
39
Calculate the remainder when 765 is divided by 182.
37
Calculate the remainder when 323 is divided by 30.
23
What is the remainder when 154 is divided by 12?
10
What is the remainder when 947 is divided by 37?
22
Calculate the remainder when 369 is divided by 32.
17
Calculate the remainder when 162 is divided by 82.
80
What is the remainder when 110 is divided by 6?
2
What is the remainder when 85 is divided by 40?
5
Calculate the remainder when 292 is divided by 69.
16
What is the remainder when 76 is divided by 32?
12
Calculate the remainder when 1798 is divided by 43.
35
What is the remainder when 161 is divided by 17?
8
Calculate the remainder when 393 is divided by 59.
39
Calculate the remainder when 21680 is divided by 9.
8
What is the remainder when 19 is divided by 18?
1
Calculate the remainder when 848 is divided by 15.
8
Calculate the remainder when 408 is divided by 82.
80
What is the remainder when 126 is divided by 64?
62
Calculate the remainder when 343 is divided by 7.
0
What is the remainder when 1027 is divided by 129?
124
Calculate the remainder when 56 is divided by 15.
11
What is the remainder when 427 is divided by 24?
19
What is the remainder when 39 is divided by 14?
11
What is the remainder when 171 is divided by 13?
2
What is the remainder when 26388 is divided by 13191?
6
What is the remainder when 233 is divided by 119?
114
What is the remainder when 181 is divided by 62?
57
Calculate the remainder when 87 is divided by 13.
9
What is the remainder when 74 is divided by 20?
14
Calculate the remainder when 74 is divided by 60.
14
What is the remainder when 890 is divided by 184?
154
What is the remainder when 920 is divided by 64?
24
What is the remainder when 154 is divided by 17?
1
Calculate the remainder when 949 is divided by 348.
253
What is the remainder when 2735 is divided by 83?
79
Calculate the remainder when 568 is divided by 112.
8
What is the remainder when 850 is divided by 122?
118
What is the remainder when 1374 is divided by 165?
54
What is the remainder when 354 is divided by 125?
104
Calculate the remainder when 286 is divided by 49.
41
What is the remainder when 141 is divided by 12?
9
Calculate the remainder when 9672 is divided by 20.
12
What is the remainder when 432 is divided by 31?
29
What is the remainder when 482 is divided by 19?
7
Calculate the remainder when 212 is divided by 28.
16
Calculate the remainder when 184 is divided by 6.
4
Calculate the remainder when 1065 is divided by 89.
86
Calculate the remainder when 40037 is divided by 143.
140
What is the remainder when 166 is divided by 89?
77
Calculate the remainder when 1749 is divided by 109.
5
What is the remainder when 97 is divided by 9?
7
What is the remainder when 62 is divided by 19?
5
Calculate the remainder when 178 is divided by 30.
28
Calculate the remainder when 281 is divided by 27.
11
Calculate the remainder when 607 is divided by 11.
2
Calculate the remainder when 715 is divided by 3.
1
Calculate the remainder when 71 is divided by 5.
1
Calculate the remainder when 776 is divided by 382.
12
What is the remainder when 377 is divided by 54?
53
What is the remainder when 1528 is divided by 34?
32
Calculate the remainder when 716 is divided by 238.
2
Calculate the remainder when 433 is divided by 143.
4
What is the remainder when 3020 is divided by 24?
20
What is the remainder when 1067 is divided by 134?
129
Calculate the remainder when 155 is divided by 35.
15
What is the remainder when 5235 is divided by 77?
76
What is the remainder when 363 is divided by 29?
15
Calculate the remainder when 1078 is divided by 10.
8
Calculate the remainder when 1127 is divided by 113.
110
What is the remainder when 500 is divided by 17?
7
Calculate the remainder when 2375 is divided by 132.
131
What is the remainder when 57 is divided by 16?
9
Calculate the remainder when 2206 is divided by 136.
30
What is the remainder when 889 is divided by 151?
134
Calculate the remainder when 1247 is divided by 104.
103
Calculate the remainder when 486 is divided by 168.
150
Calculate the remainder when 5940 is divided by 1484.
4
Calculate the remainder when 75 is divided by 68.
7
Calculate the remainder when 900 is divided by 22.
20
What is the remainder when 2038 is divided by 17?
15
Calculate the remainder when 857 is divided by 21.
17
What is the remainder when 205 is divided by 50?
5
What is the remainder when 946 is divided by 62?
16
What is the remainder when 1292 is divided by 11?
5
Calculate the remainder when 74 is divided by 19.
17
Calculate the remainder when 277 is divided by 120.
37
What is the remainder when 24 is divided by 18?
6
What is the remainder when 774 is divided by 11?
4
What is the remainder when 1053 is divided by 130?
13
Calculate the remainder when 385 is divided by 80.
65
What is the remainder when 2292 is divided by 56?
52
Calculate the remainder when 589 is divided by 16.
13
What is the remainder when 128 is divided by 34?
26
What is the remainder when 186 is divided by 7?
4
What is the remainder when 249 is divided by 62?
1
What is the remainder when 792 is divided by 19?
13
What is the remainder when 104 is divided by 28?
20
What is the remainder when 34 is divided by 27?
7
What is the remainder when 109 is divided by 35?
4
What is the remainder when 272 is divided by 100?
72
Calculate the remainder when 160 is divided by 41.
37
What is the remainder when 279 is divided by 75?
54
Calculate the remainder when 1077 is divided by 224.
181
What is the remainder when 39 is divided by 5?
4
What is the remainder when 135 is divided by 116?
19
Calculate the remainder when 86 is divided by 22.
20
Calculate the remainder when 349 is divided by 113.
10
Calculate the remainder when 2698 is divided by 1340.
18
Calculate the remainder when 20054 is divided by 46.
44
What is the remainder when 2051 is divided by 2038?
13
What is the remainder when 202 is divided by 62?
16
What is the remainder when 341 is divided by 18?
17
What is the remainder when 75 is divided by 22?
9
Calculate the remainder when 172 is divided by 35.
32
What is the remainder when 71 is divided by 8?
7
What is the remainder when 253 is divided by 124?
5
Calculate the remainder when 221 is divided by 27.
5
What is the remainder when 200 is divided by 68?
64
Calculate the remainder when 27 is divided by 25.
2
Calculate the remainder when 676 is divided by 31.
25
Calculate the remainder when 251 is divided by 28.
27
Calculate the remainder when 592 is divided by 85.
82
What is the remainder when 573 is divided by 194?
185
What is the remainder when 745 is divided by 17?
14
What is the remainder when 168 is divided by 22?
14
What is the remainder when 1066 is divided by 180?
166
What is the remainder when 1668 is divided by 46?
12
Calculate the remainder when 520 is divid